 the tens digit of i?
1
Suppose -o + 4*o = 36. Suppose 0 = -h - 2*h - 4*i - 9, -o = 3*h + 3*i. Let s = 10 - h. What is the units digit of s?
7
Let v be 3 - (4 - (0 + 4)). Suppose -5*z = -v*z - 116. Suppose z = p - 4*s, 2*s - s - 5 = 0. What is the units digit of p?
8
Suppose 5*a = -3*o + 7*o + 37, 4*o = -2*a - 2. Suppose a*q - 29 - 26 = 0. What is the units digit of q?
1
Let x(t) = 3*t + 19*t**2 - 4 - 6 - 18*t**2 + 0*t. Let k be (-3 + 1)*-2 + 2. What is the units digit of x(k)?
4
Suppose -12*v - 5*x - 68 = -15*v, 0 = -2*v - 3*x + 58. What is the units digit of v?
6
Suppose 0*v = 5*v - 480. Suppose 0 = p - v - 76. Suppose -5*i = -108 - p. What is the units digit of i?
6
Let y(s) = -s**2 + 4*s - 1. Let l be y(2). Suppose -2*k - l = 1. What is the units digit of (k/(-3))/((-1)/(-33))?
2
Let t(s) = 5*s**3 - 4*s**2 + 8*s - 23. What is the units digit of t(7)?
2
Let s = -22 + 24. What is the units digit of 75/10 - 3/s?
6
Suppose -u - 15*u = -54656. What is the tens digit of u?
1
Let p = 2676 - 1446. Suppose -u + 5*g = 4*u - p, -2*g - 8 = 0. What is the units digit of u?
2
Let d(h) be the first derivative of -h**3/3 - 5*h**2/2 - h + 6. Let g be d(-4). Suppose -29 - 94 = -g*f. What is the tens digit of f?
4
Let j(c) = -c**3 + 3*c**2 - 3*c + 9. Let s be j(3). Suppose 3*x - 2 = -8, s = -2*b + 3*x + 282. What is the tens digit of b?
3
Suppose 4*g + 0*g = -20. Let l = -10 + g. What is the units digit of 2/(-1*6/l)?
5
What is the tens digit of (-17660)/210*-6 + 4/(-7)?
0
Let u(h) = -h**2 + 9*h - 10. Let o(i) = -i. Let t be o(-2). Suppose 0 = t*j - 4 - 6. What is the tens digit of u(j)?
1
Let m(p) = 3*p**2 + 5*p. Let o be m(-2). Suppose 2 = o*w - w. Suppose -n = -w*n + 28. What is the tens digit of n?
2
Suppose -c - f + 14 = 0, 2*f + 3*f = 4*c - 101. Let b = 28 - c. Suppose -5*h = 2*v - b, 5*h + 2*v = -v + 6. What is the units digit of h?
3
Suppose 0 = 42*l - 118780 + 8068. What is the hundreds digit of l?
6
Let y be (-1)/1 - 4/(-4). Suppose 2*t + y*t = 200. Suppose 0*o - t = -4*o. What is the tens digit of o?
2
Let i be (-48)/(-18)*(-6)/(-4). Suppose -i*x + 64 = -2*x. Let j = x + -21. What is the units digit of j?
1
Let u(s) be the second derivative of s**5/20 - s**4/4 - 5*s**3/6 - 15*s**2 - 29*s. What is the units digit of u(7)?
1
Let q(b) = -2*b - 7. Let k(s) = s + 7. Let p(c) = -6*k(c) - 5*q(c). Suppose -3*d + 37 = 2*n, 4*n = 4*d - 40 - 16. What is the units digit of p(d)?
5
Suppose 0 = 2*i + 10, -4*z - 3*i - 5 = z. Let s = 2 + z. Suppose -3*l = -50 - s. What is the tens digit of l?
1
What is the tens digit of ((-243)/2)/(9/(-306))?
3
Suppose 0 = -4*u + 644 + 496. What is the hundreds digit of u?
2
Let o(l) = 32*l**3 - l**2 - l + 1. Let p be 1/(1/(2 + -1)). What is the units digit of o(p)?
1
Let g(y) = -79*y**3 + y**2 - 2*y. Let x be g(-2). Suppose -2*b + x = 5*r, 0*r = -3*r + b + 384. What is the hundreds digit of r?
1
Let u be ((-5)/((-30)/(-8)))/(12/(-27)). Suppose -2*b + u*q + 52 = -154, -3*b - 2*q + 322 = 0. What is the tens digit of b?
0
Let n(o) = -19*o - 100. What is the units digit of n(-18)?
2
Let v = -25 + 19. Let y = -2 - v. Suppose q - 3*o + 2 = -0*q, y*o - 59 = -3*q. What is the tens digit of q?
1
Suppose -2*t + 2930 = 4*f, 29 - 24 = -5*t. What is the hundreds digit of f?
7
Suppose -4*w - 2*a = -10, w - a + 2*a = 2. Suppose 2*q + x = -0*x + 226, -5*x = w*q - 332. What is the tens digit of q?
1
Suppose -2*j = -18*j + 11312. What is the hundreds digit of j?
7
Let u = 7 - 2. Let a(p) = -p + 2. Let l be a(u). What is the tens digit of 25 + 0*l/(-9)?
2
Let l = 946 + -60. What is the tens digit of l?
8
Let g(o) be the third derivative of -5*o**4/8 - 3*o**3 + 33*o**2. What is the tens digit of g(-8)?
0
Suppose -2*k + 5*v + 1885 = 0, -4*k - 2*v + v = -3737. Suppose -23*s + k = -18*s. What is the tens digit of s?
8
Let y(z) = -z**3 + 11*z**2 + 9*z - 15. Let s be y(10). Suppose 0 = -5*j + s. What is the units digit of j?
5
Let a(y) = -10*y**3 - 3*y + 2 + 5*y**2 - 4*y**2 - 33*y**3. Let m be a(2). What is the tens digit of (m/8)/(0 - 1)?
4
What is the tens digit of ((-4)/10)/(4 + 241/(-60))?
2
Let z = -830 + 6379. What is the tens digit of z?
4
Suppose -44*b + 20*b + 44784 = 0. What is the tens digit of b?
6
Suppose 3*g = 41 + 112. What is the units digit of g?
1
What is the tens digit of (3748/(-2))/(-12*15/270)?
1
Suppose 0 = -2*z - 4, -4*i + 511 - 159 = 4*z. Let a = i + -43. What is the tens digit of a?
4
Let j(n) = 2*n**3 + 27*n**2 - 2*n - 1. What is the hundreds digit of j(-13)?
1
Let a(l) = -l**2 - 30*l - 28. Let s(c) = -2*c. Let x be s(6). What is the units digit of a(x)?
8
What is the tens digit of 2172/16 - 18/24?
3
Let x be 7/(245/56) - (-4)/10. Suppose -3*h - x*r + 170 = -59, 4 = -r. What is the tens digit of h?
7
Suppose -1458 + 7767 = 9*b. What is the hundreds digit of b?
7
Let m(s) = -4*s + 13. Suppose -4*c + 9*c - 15 = -5*f, -3*f - 3 = -c. Let t(l) = l. Let d(a) = c*t(a) + m(a). What is the tens digit of d(-14)?
2
Suppose -5*u + 11 + 12 = -c, -4*u + c + 19 = 0. Suppose 0 = -u*a + 5*n + 204, -116 = -3*a + a - n. What is the units digit of a?
6
Let k = -547 + 791. Suppose -2*z - k = -6*z + h, -3*z = -h - 183. What is the tens digit of z?
6
Suppose 4*i + 25 = -5*l, 4*i - 2*l = 5*i + 10. Suppose 2*a + h = 36 + 145, -4*h + 4 = i. What is the tens digit of a?
9
Let c = 2190 + -1705. What is the tens digit of c?
8
Suppose 4*a + 125 = -6*m + 3*m, -3*a = 3*m + 96. Let w = -18 - a. Suppose 0 = -0*x + x - w. What is the units digit of x?
1
Let n(h) = -25*h**3 + 26*h**3 + 3*h + 9*h**2 - 7*h. What is the hundreds digit of n(-7)?
1
Suppose 3*p + 6*p + 3*p = 0. Suppose -4*u - 2*h - 3*h + 63 = p, -3*u - 2*h + 49 = 0. What is the tens digit of u?
1
Let f(v) be the first derivative of v**5/120 + 7*v**4/24 + v**3 - 1. Let c(i) be the third derivative of f(i). What is the units digit of c(7)?
4
Let f(j) be the second derivative of 49*j**4/12 + j**3/6 - 20*j. What is the tens digit of f(1)?
5
Let t(j) = -2*j + 26. Let b be t(-6). Let c = 121 - b. What is the tens digit of c?
8
Suppose 2*h - 30*d - 112 = -32*d, 5*h + d - 268 = 0. What is the units digit of h?
3
Let a(k) be the third derivative of k**5/30 - k**4/12 + 5*k**3/6 + 8*k**2. Let d be a(5). Suppose 12*q = 13*q - d. What is the units digit of q?
5
Let n(k) = -2*k - 8. Let g be n(-15). Suppose -4*f + g + 10 = 0. What is the tens digit of (-201)/(-12) - 6/f?
1
Suppose 51*x - 55*x = -4*g + 12976, -5*g + 16208 = -2*x. What is the hundreds digit of g?
2
Let n(a) = 28*a**2 - 17*a - 48. What is the hundreds digit of n(-4)?
4
Let y = -569 - -812. Suppose 3*r + c = 5*c + y, -2*r = 5*c - 139. What is the tens digit of r?
7
Suppose -h = -2*o + 66 - 306, 2*h + 3*o = 508. What is the units digit of h?
8
Let c = 175 + 335. What is the tens digit of c?
1
Suppose 0*z + 4*q - 268 = -z, 776 = 3*z - 2*q. Let w = z + -128. Suppose -w = -5*n + 193. What is the units digit of n?
5
Suppose -4*h - h = -175. Suppose -2*n + 163 = -h. What is the tens digit of n?
9
Suppose 0 = -13*b + 8791 + 6263. What is the units digit of b?
8
Suppose 0*i + 2 = 2*i, -5*g + 2*i = -13. Suppose 0 = -0*x - 3*x + 6. Suppose -47 = -x*l - v + 9, -g*l = -v - 74. What is the units digit of l?
6
Let k(q) = q**2 + 7*q - 11. Let x be k(-8). Let p be (-24)/(-9) + (-1)/x. Suppose 7 = 4*v - 2*o + 3, -3*o - p = -3*v. What is the units digit of v?
1
Let k = 773 - -223. What is the hundreds digit of k?
9
Let b = -75 - -86. Suppose -s + b*s = 600. What is the tens digit of s?
6
Suppose 5*a + 11 = 1. Let q be (0 - (-34)/(-1))/a. Let y = q + 2. What is the units digit of y?
9
Let d = 73 + 77. What is the tens digit of d?
5
Let t = -64 + 89. Let i = t - 22. Suppose -6*d = -i*d - 204. What is the tens digit of d?
6
Suppose 5*z = -f - 13 - 5, 2*f = -3*z - 8. What is the tens digit of 2/(z + (-525)/(-130))?
5
Let x(v) = -2*v - 12. Let h be x(-8). Suppose -16 - h = -4*y. What is the units digit of y?
5
Let g = 6 + -2. Suppose 9*q - 135 = g*q. What is the units digit of q?
7
What is the tens digit of 281*(-1 - (-5 - -2))?
6
Suppose -t - 5523 = -3*s, 7*t - 2*t = -5*s + 9205. What is the thousands digit of s?
1
Let u be 11/(-1 + (-1)/(-2)*0). Let l be ((-2)/(-2))/((-2)/(-36)). Let y = l + u. What is the units digit of y?
7
Let u = 17 - -1215. What is the hundreds d